{"id":147,"date":"2018-03-27T04:28:24","date_gmt":"2018-03-27T04:28:24","guid":{"rendered":"http:\/\/www.agrosoilbolivia.com\/?page_id=147"},"modified":"2018-03-27T04:28:24","modified_gmt":"2018-03-27T04:28:24","slug":"analisis-de-suelos","status":"publish","type":"page","link":"https:\/\/agrosoilbolivia.com\/?page_id=147","title":{"rendered":"An\u00e1lisis de suelos"},"content":{"rendered":"<h3><strong>An\u00e1lisis de suelos, herramienta clave para el diagn\u00f3stico de fertilidad de suelos<\/strong><\/h3>\n<p style=\"text-align: justify;\"><img loading=\"lazy\" decoding=\"async\" class=\"alignright wp-image-148\" src=\"http:\/\/www.agrosoilbolivia.com\/wp-content\/uploads\/2018\/03\/tract-300x169.jpg\" alt=\"\" width=\"400\" height=\"225\" srcset=\"https:\/\/agrosoilbolivia.com\/wp-content\/uploads\/2018\/03\/tract-300x169.jpg 300w, https:\/\/agrosoilbolivia.com\/wp-content\/uploads\/2018\/03\/tract-600x338.jpg 600w, https:\/\/agrosoilbolivia.com\/wp-content\/uploads\/2018\/03\/tract-768x432.jpg 768w, https:\/\/agrosoilbolivia.com\/wp-content\/uploads\/2018\/03\/tract-650x366.jpg 650w, https:\/\/agrosoilbolivia.com\/wp-content\/uploads\/2018\/03\/tract.jpg 800w\" sizes=\"auto, (max-width: 400px) 100vw, 400px\" \/>Los an\u00e1lisis de suelos, en especial los an\u00e1lisis f\u00edsico-qu\u00edmicos y biol\u00f3gicos se constituyen como una herramienta muy eficiente para conocer cu\u00e1l es la oferta que tiene el suelo para suministrar nutrientes a los cultivos.<\/p>\n<p style=\"text-align: justify;\">El an\u00e1lisis de suelos es una herramienta que nos permite tener la informaci\u00f3n actual de nuestro suelo, de esta menara tomaremos decisiones mas puntuales para el manejo de nuestro suelo, de esta forma ingresamos en una sistema de mejora continua.<\/p>\n","protected":false},"excerpt":{"rendered":"<p>An\u00e1lisis de suelos, herramienta clave para el diagn\u00f3stico de fertilidad de suelos Los an\u00e1lisis de suelos, en especial los an\u00e1lisis f\u00edsico-qu\u00edmicos y biol\u00f3gicos se constituyen como una herramienta muy eficiente para conocer cu\u00e1l es la oferta que tiene el suelo para suministrar nutrientes a los cultivos. El an\u00e1lisis de suelos es una herramienta que nos [&hellip;]<\/p>\n","protected":false},"author":1,"featured_media":0,"parent":41,"menu_order":4,"comment_status":"closed","ping_status":"closed","template":"","meta":{"footnotes":""},"class_list":["post-147","page","type-page","status-publish","hentry","post"],"_links":{"self":[{"href":"https:\/\/agrosoilbolivia.com\/index.php?rest_route=\/wp\/v2\/pages\/147","targetHints":{"allow":["GET"]}}],"collection":[{"href":"https:\/\/agrosoilbolivia.com\/index.php?rest_route=\/wp\/v2\/pages"}],"about":[{"href":"https:\/\/agrosoilbolivia.com\/index.php?rest_route=\/wp\/v2\/types\/page"}],"author":[{"embeddable":true,"href":"https:\/\/agrosoilbolivia.com\/index.php?rest_route=\/wp\/v2\/users\/1"}],"replies":[{"embeddable":true,"href":"https:\/\/agrosoilbolivia.com\/index.php?rest_route=%2Fwp%2Fv2%2Fcomments&post=147"}],"version-history":[{"count":1,"href":"https:\/\/agrosoilbolivia.com\/index.php?rest_route=\/wp\/v2\/pages\/147\/revisions"}],"predecessor-version":[{"id":149,"href":"https:\/\/agrosoilbolivia.com\/index.php?rest_route=\/wp\/v2\/pages\/147\/revisions\/149"}],"up":[{"embeddable":true,"href":"https:\/\/agrosoilbolivia.com\/index.php?rest_route=\/wp\/v2\/pages\/41"}],"wp:attachment":[{"href":"https:\/\/agrosoilbolivia.com\/index.php?rest_route=%2Fwp%2Fv2%2Fmedia&parent=147"}],"curies":[{"name":"wp","href":"https:\/\/api.w.org\/{rel}","templated":true}]}}