{"id":99,"date":"2018-03-27T02:41:07","date_gmt":"2018-03-27T02:41:07","guid":{"rendered":"http:\/\/www.agrosoilbolivia.com\/?page_id=99"},"modified":"2018-03-27T02:41:07","modified_gmt":"2018-03-27T02:41:07","slug":"topografia-de-suelos","status":"publish","type":"page","link":"https:\/\/agrosoilbolivia.com\/?page_id=99","title":{"rendered":"Topograf\u00eda de suelos"},"content":{"rendered":"<p style=\"text-align: justify;\"><img loading=\"lazy\" decoding=\"async\" class=\"size-full wp-image-104 alignright\" src=\"http:\/\/www.agrosoilbolivia.com\/wp-content\/uploads\/2018\/03\/topografia_suelos_teod.jpg\" alt=\"\" width=\"290\" height=\"208\" \/>Planos topogr\u00e1ficos digitales, levantamientos, replanteos, perfiles, realizados con equipos de \u00faltima generaci\u00f3n.<\/p>\n<p style=\"text-align: justify;\">Los planos est\u00e1n georreferenciados en coordenadas m\u00e9tricas UTM seg\u00fan el datum WGS84, puesto que se miden puntos de precisi\u00f3n con Sistema DGPS para anclar las medidas realizadas por la estaci\u00f3n total.<\/p>\n<p style=\"text-align: justify;\">Las mediciones son dibujadas digitalmente en software especializado de dibujo (AutoCAD) y posteriormente asociados a una plataforma de sistema de informaci\u00f3n geogr\u00e1fica (S.I.G.) donde se pueden incorporar nuevas capas de informaci\u00f3n georreferenciadas tales como; fotograf\u00edas A\u00e9reas, cartas o im\u00e1genes satelitales, entre otras, adem\u00e1s se pueden generar modelos digitales de terreno.<\/p>\n<p style=\"text-align: justify;\"><strong>Mapas de Anegaci\u00f3n<\/strong><br \/>\nMapas de Riesgo h\u00eddrico: En base al mapa topogr\u00e1fico de curvas de nivel de suelo, con la ayuda de las im\u00e1genes satelitales multi-temporales de distintos a\u00f1os y\/o \u00e9pocas del a\u00f1o, se realiza los mapas donde se determinan y\/o delimita las zonas con mayor o menor riesgo de sufrir inundaciones en diferentes meses del a\u00f1o.<\/p>\n<p style=\"text-align: justify;\"><strong>Curvas de nivel RTK<\/strong><\/p>\n<p><img loading=\"lazy\" decoding=\"async\" class=\"alignnone wp-image-105 size-large\" src=\"http:\/\/www.agrosoilbolivia.com\/wp-content\/uploads\/2018\/03\/curvas-de-nivel-1024x670.png\" alt=\"\" width=\"650\" height=\"425\" srcset=\"https:\/\/agrosoilbolivia.com\/wp-content\/uploads\/2018\/03\/curvas-de-nivel-1024x670.png 1024w, https:\/\/agrosoilbolivia.com\/wp-content\/uploads\/2018\/03\/curvas-de-nivel-600x393.png 600w, https:\/\/agrosoilbolivia.com\/wp-content\/uploads\/2018\/03\/curvas-de-nivel-300x196.png 300w, https:\/\/agrosoilbolivia.com\/wp-content\/uploads\/2018\/03\/curvas-de-nivel-768x503.png 768w, https:\/\/agrosoilbolivia.com\/wp-content\/uploads\/2018\/03\/curvas-de-nivel-650x425.png 650w, https:\/\/agrosoilbolivia.com\/wp-content\/uploads\/2018\/03\/curvas-de-nivel.png 1551w\" sizes=\"auto, (max-width: 650px) 100vw, 650px\" \/><\/p>\n<p><strong>Dise<span style=\"text-align: left; color: #333333; text-transform: none; text-indent: 0px; letter-spacing: normal; font-family: Georgia,'Times New Roman','Bitstream Charter',Times,serif; font-size: 16px; font-style: normal; font-variant: normal; text-decoration: none; word-spacing: 0px; display: inline !important; white-space: normal; cursor: text; orphans: 2; float: none; -webkit-text-stroke-width: 0px; background-color: transparent;\">\u00f1<\/span>o de canales de drenaje, reservorios<\/strong><\/p>\n<div id='gallery-1' class='gallery galleryid-99 gallery-columns-4 gallery-size-thumbnail'><figure class='gallery-item'>\n\t\t\t<div class='gallery-icon landscape'>\n\t\t\t\t<a href='https:\/\/agrosoilbolivia.com\/wp-content\/uploads\/2018\/03\/topografia_curvas_de_nivel_2.jpg'><img loading=\"lazy\" decoding=\"async\" width=\"150\" height=\"150\" src=\"https:\/\/agrosoilbolivia.com\/wp-content\/uploads\/2018\/03\/topografia_curvas_de_nivel_2-150x150.jpg\" class=\"attachment-thumbnail size-thumbnail\" alt=\"\" srcset=\"https:\/\/agrosoilbolivia.com\/wp-content\/uploads\/2018\/03\/topografia_curvas_de_nivel_2-150x150.jpg 150w, https:\/\/agrosoilbolivia.com\/wp-content\/uploads\/2018\/03\/topografia_curvas_de_nivel_2-300x300.jpg 300w, https:\/\/agrosoilbolivia.com\/wp-content\/uploads\/2018\/03\/topografia_curvas_de_nivel_2-100x100.jpg 100w\" sizes=\"auto, (max-width: 150px) 100vw, 150px\" \/><\/a>\n\t\t\t<\/div><\/figure><figure class='gallery-item'>\n\t\t\t<div class='gallery-icon landscape'>\n\t\t\t\t<a href='https:\/\/agrosoilbolivia.com\/wp-content\/uploads\/2018\/03\/topografia_curvas_de_nivel_3.jpg'><img loading=\"lazy\" decoding=\"async\" width=\"150\" height=\"150\" src=\"https:\/\/agrosoilbolivia.com\/wp-content\/uploads\/2018\/03\/topografia_curvas_de_nivel_3-150x150.jpg\" class=\"attachment-thumbnail size-thumbnail\" alt=\"\" srcset=\"https:\/\/agrosoilbolivia.com\/wp-content\/uploads\/2018\/03\/topografia_curvas_de_nivel_3-150x150.jpg 150w, https:\/\/agrosoilbolivia.com\/wp-content\/uploads\/2018\/03\/topografia_curvas_de_nivel_3-300x300.jpg 300w, https:\/\/agrosoilbolivia.com\/wp-content\/uploads\/2018\/03\/topografia_curvas_de_nivel_3-100x100.jpg 100w\" sizes=\"auto, (max-width: 150px) 100vw, 150px\" \/><\/a>\n\t\t\t<\/div><\/figure><figure class='gallery-item'>\n\t\t\t<div class='gallery-icon portrait'>\n\t\t\t\t<a href='https:\/\/agrosoilbolivia.com\/wp-content\/uploads\/2018\/03\/topografia_curvas_de_nivel_4.jpg'><img loading=\"lazy\" decoding=\"async\" width=\"150\" height=\"150\" src=\"https:\/\/agrosoilbolivia.com\/wp-content\/uploads\/2018\/03\/topografia_curvas_de_nivel_4-150x150.jpg\" class=\"attachment-thumbnail size-thumbnail\" alt=\"\" srcset=\"https:\/\/agrosoilbolivia.com\/wp-content\/uploads\/2018\/03\/topografia_curvas_de_nivel_4-150x150.jpg 150w, https:\/\/agrosoilbolivia.com\/wp-content\/uploads\/2018\/03\/topografia_curvas_de_nivel_4-300x300.jpg 300w, https:\/\/agrosoilbolivia.com\/wp-content\/uploads\/2018\/03\/topografia_curvas_de_nivel_4-100x100.jpg 100w\" sizes=\"auto, (max-width: 150px) 100vw, 150px\" \/><\/a>\n\t\t\t<\/div><\/figure><figure class='gallery-item'>\n\t\t\t<div class='gallery-icon landscape'>\n\t\t\t\t<a href='https:\/\/agrosoilbolivia.com\/wp-content\/uploads\/2018\/03\/topografia_suelos_canal1.jpg'><img loading=\"lazy\" decoding=\"async\" width=\"150\" height=\"150\" src=\"https:\/\/agrosoilbolivia.com\/wp-content\/uploads\/2018\/03\/topografia_suelos_canal1-150x150.jpg\" class=\"attachment-thumbnail size-thumbnail\" alt=\"\" srcset=\"https:\/\/agrosoilbolivia.com\/wp-content\/uploads\/2018\/03\/topografia_suelos_canal1-150x150.jpg 150w, https:\/\/agrosoilbolivia.com\/wp-content\/uploads\/2018\/03\/topografia_suelos_canal1-300x300.jpg 300w, https:\/\/agrosoilbolivia.com\/wp-content\/uploads\/2018\/03\/topografia_suelos_canal1-100x100.jpg 100w\" sizes=\"auto, (max-width: 150px) 100vw, 150px\" \/><\/a>\n\t\t\t<\/div><\/figure>\n\t\t<\/div>\n\n","protected":false},"excerpt":{"rendered":"<p>Planos topogr\u00e1ficos digitales, levantamientos, replanteos, perfiles, realizados con equipos de \u00faltima generaci\u00f3n. Los planos est\u00e1n georreferenciados en coordenadas m\u00e9tricas UTM seg\u00fan el datum WGS84, puesto que se miden puntos de precisi\u00f3n con Sistema DGPS para anclar las medidas realizadas por la estaci\u00f3n total. Las mediciones son dibujadas digitalmente en software especializado de dibujo (AutoCAD) y [&hellip;]<\/p>\n","protected":false},"author":1,"featured_media":0,"parent":41,"menu_order":0,"comment_status":"closed","ping_status":"closed","template":"","meta":{"footnotes":""},"class_list":["post-99","page","type-page","status-publish","hentry","post"],"_links":{"self":[{"href":"https:\/\/agrosoilbolivia.com\/index.php?rest_route=\/wp\/v2\/pages\/99","targetHints":{"allow":["GET"]}}],"collection":[{"href":"https:\/\/agrosoilbolivia.com\/index.php?rest_route=\/wp\/v2\/pages"}],"about":[{"href":"https:\/\/agrosoilbolivia.com\/index.php?rest_route=\/wp\/v2\/types\/page"}],"author":[{"embeddable":true,"href":"https:\/\/agrosoilbolivia.com\/index.php?rest_route=\/wp\/v2\/users\/1"}],"replies":[{"embeddable":true,"href":"https:\/\/agrosoilbolivia.com\/index.php?rest_route=%2Fwp%2Fv2%2Fcomments&post=99"}],"version-history":[{"count":1,"href":"https:\/\/agrosoilbolivia.com\/index.php?rest_route=\/wp\/v2\/pages\/99\/revisions"}],"predecessor-version":[{"id":106,"href":"https:\/\/agrosoilbolivia.com\/index.php?rest_route=\/wp\/v2\/pages\/99\/revisions\/106"}],"up":[{"embeddable":true,"href":"https:\/\/agrosoilbolivia.com\/index.php?rest_route=\/wp\/v2\/pages\/41"}],"wp:attachment":[{"href":"https:\/\/agrosoilbolivia.com\/index.php?rest_route=%2Fwp%2Fv2%2Fmedia&parent=99"}],"curies":[{"name":"wp","href":"https:\/\/api.w.org\/{rel}","templated":true}]}}