{"id":182,"date":"2018-03-27T20:59:04","date_gmt":"2018-03-27T20:59:04","guid":{"rendered":"http:\/\/www.agrosoilbolivia.com\/?post_type=product&#038;p=182"},"modified":"2018-04-19T22:16:40","modified_gmt":"2018-04-19T22:16:40","slug":"jisafol-buffer-ph","status":"publish","type":"product","link":"https:\/\/agrosoilbolivia.com\/?product=jisafol-buffer-ph","title":{"rendered":"Jisafol Buffer pH"},"content":{"rendered":"<h3><strong>RIQUEZAS GARANTIZADAS<\/strong><\/h3>\n\n<table id=\"tablepress-7\" class=\"tablepress tablepress-id-7\">\n<tbody class=\"row-striping row-hover\">\n<tr class=\"row-1\">\n\t<td class=\"column-1\">Oxido de potasio (K20) soluble en agua<\/td><td class=\"column-2\">10,2% p\/p<\/td>\n<\/tr>\n<tr class=\"row-2\">\n\t<td class=\"column-1\">Densidad<\/td><td class=\"column-2\">1,15 kg\/l<\/td>\n<\/tr>\n<tr class=\"row-3\">\n\t<td class=\"column-1\">pH<\/td><td class=\"column-2\">5<\/td>\n<\/tr>\n<\/tbody>\n<\/table>\n<!-- #tablepress-7 from cache -->\n<p><span style=\"color: #ff6600;\"><strong>Jisafol Buffer pH<\/strong><\/span> es un formulado nutricionala base de potasio (K2O) de r\u00e1pida asimilaci\u00f3n. Est\u00e1 especialmente indicado en los momento de engorde y maduraci\u00f3n. Tiene la propiedad de tamponar a pH 5 el agua (efecto buffer), con el fin de mejorar de manera significativa al actividad de los tratamiento foliares tanto de los fitosanitarios como de los nutricionales.<\/p>\n<p>Cuando utilizamos muy alcalinas se pierde efectividad en las materias primas utilizadas, con el aporte de <span style=\"color: #ff6600;\"><strong>Jisafol Buffer pH<\/strong><\/span> mantenemos la soluci\u00f3n en un rango \u00f3ptimo de pH. Por su efecto tamp\u00f3n, tanto si partimos de un pH alcalino como \u00e1cido, con la dosis recomendada, se logra un pH 5. En el caso de un aumento de dosis equivocadamente, no corremos ning\u00fan riesgo al no ser un producto acidificante, simplemente se acent\u00faa su efecto tamponador y se mantiene el pH 5 o su variaci\u00f3n ser\u00eda m\u00ednima. El producto tiene efecto mojante reduciendo la tensi\u00f3n superficial y antiespumante.<\/p>\n<h3><strong>COMPATIBILIDADES<\/strong><\/h3>\n<p><span style=\"color: #ff6600;\"><strong>Jisafol Buffer pH<\/strong><\/span> es compatible con todo tipo de fertilizantes y la mayor\u00eda de productos fitosanitarios. Es aconsejable realizar una prueba previa.<\/p>\n","protected":false},"excerpt":{"rendered":"<p>&nbsp;<\/p>\n<p><span style=\"color: #ff6600;\"><strong>Jisafol Buffer pH<\/strong><\/span> es un formulado nutricionala base de potasio (K2O) de r\u00e1pida asimilaci\u00f3n. Est\u00e1 especialmente indicado en los momento de engorde y maduraci\u00f3n. Tiene la propiedad de tamponar a pH 5 el agua (efecto buffer), con el fin de mejorar de manera significativa al actividad de los tratamiento foliares tanto de los fitosanitaios como de los nuticionales.<\/p>\n<p>Cuando utilizamos muy alcalinas se pierde efectividad en las materias primas utilizadas, con el aporte de <span style=\"color: #ff6600;\"><strong>Jisafol Buffer pH<\/strong><\/span> mantenemos la soluci\u00f3n en un rango \u00f3ptimo de pH. Por su efecto tamp\u00f3n, tanto si partimos de un pH alcalino como \u00e1cido, con la dosis recomendada, se logra un pH 5. En el caso de un aumento de dosis equivocadamente, no corremos ning\u00fan riesgo al no ser un producto acidificante, simplemente se acent\u00faa su efecto tamponador y se mantiene el pH 5 o su variaci\u00f3n ser\u00eda m\u00ednima. El producto tiene efecto mojante reduciendo la tensi\u00f3n superficial y antiespumante.<\/p>\n","protected":false},"featured_media":183,"comment_status":"open","ping_status":"closed","template":"","meta":[],"product_brand":[],"product_cat":[22],"product_tag":[],"class_list":{"0":"post-182","1":"product","2":"type-product","3":"status-publish","4":"has-post-thumbnail","6":"product_cat-agricultura","7":"post","9":"first","10":"instock","11":"shipping-taxable","12":"product-type-simple"},"_links":{"self":[{"href":"https:\/\/agrosoilbolivia.com\/index.php?rest_route=\/wp\/v2\/product\/182","targetHints":{"allow":["GET"]}}],"collection":[{"href":"https:\/\/agrosoilbolivia.com\/index.php?rest_route=\/wp\/v2\/product"}],"about":[{"href":"https:\/\/agrosoilbolivia.com\/index.php?rest_route=\/wp\/v2\/types\/product"}],"replies":[{"embeddable":true,"href":"https:\/\/agrosoilbolivia.com\/index.php?rest_route=%2Fwp%2Fv2%2Fcomments&post=182"}],"wp:featuredmedia":[{"embeddable":true,"href":"https:\/\/agrosoilbolivia.com\/index.php?rest_route=\/wp\/v2\/media\/183"}],"wp:attachment":[{"href":"https:\/\/agrosoilbolivia.com\/index.php?rest_route=%2Fwp%2Fv2%2Fmedia&parent=182"}],"wp:term":[{"taxonomy":"product_brand","embeddable":true,"href":"https:\/\/agrosoilbolivia.com\/index.php?rest_route=%2Fwp%2Fv2%2Fproduct_brand&post=182"},{"taxonomy":"product_cat","embeddable":true,"href":"https:\/\/agrosoilbolivia.com\/index.php?rest_route=%2Fwp%2Fv2%2Fproduct_cat&post=182"},{"taxonomy":"product_tag","embeddable":true,"href":"https:\/\/agrosoilbolivia.com\/index.php?rest_route=%2Fwp%2Fv2%2Fproduct_tag&post=182"}],"curies":[{"name":"wp","href":"https:\/\/api.w.org\/{rel}","templated":true}]}}