{"id":271,"date":"2018-04-09T23:27:36","date_gmt":"2018-04-09T23:27:36","guid":{"rendered":"http:\/\/www.agrosoilbolivia.com\/?post_type=product&#038;p=271"},"modified":"2024-10-30T13:41:52","modified_gmt":"2024-10-30T13:41:52","slug":"komus-flex","status":"publish","type":"product","link":"https:\/\/agrosoilbolivia.com\/?product=komus-flex","title":{"rendered":"Komus Flex"},"content":{"rendered":"<p style=\"text-align: justify;\">Producto para la substituci\u00f3n de aceite, que mejora la aplicaci\u00f3n y el performance de los agroqu\u00edmicos.<\/p>\n<p style=\"text-align: justify;\"><span style=\"color: #ff6600;\"><strong>Komus Flex<\/strong><\/span> posee efecto translaminar ademas de una silicona antiespumante y anti deriva gracias al Limoneno.<\/p>\n<p style=\"text-align: justify;\">El Limoneno le ofrece ese importante efecto translimitar que ayuda a la penetraci\u00f3n del fungicida, hernicida e insecticida adentro de la planta este es desalojante que facilita la penetraci\u00f3n de los insecticidas que incita a las plagas a salir.<\/p>\n<h3><strong>Riquezas garantizadas:<\/strong><\/h3>\n<p>Nitr\u00f3geno: (N)(Sol. H2O) 1% (10,5 g\/L)<br \/>\nBoro (B): (Sol.H2O) 0,1% (1,05 g\/L)<br \/>\nDensidad: 1,05 g\/cm3<\/p>\n<p>&nbsp;<\/p>\n","protected":false},"excerpt":{"rendered":"<p style=\"text-align: justify;\">Producto para la substituci\u00f3n de aceite, que mejora la aplicaci\u00f3n y el performance de los agroqu\u00edmicos.<\/p>\n<p style=\"text-align: justify;\"><span style=\"color: #ff6600;\"><strong>Komus Flex<\/strong><\/span> posee efecto translaminar ademas de una silicona antiespumante y anti deriva gracias al Limoneno.<\/p>\n<p style=\"text-align: justify;\">El Limoneno le ofrece ese importante efecto translimitar que ayuda a la penetraci\u00f3n del fungicida, hernicida e insecticida adentro de la planta este es desalojante que facilita la penetraci\u00f3n de los insecticidas que incita a las plagas a salir.<\/p>\n<h3><strong>Riquezas garantizadas:<\/strong><\/h3>\n<p>Nitr\u00f3geno: (N)(Sol. H2O) 1% (10,5 g\/L)<br \/>\nBoro (B): (Sol.H2O) 0,1% (1,05 g\/L)<br \/>\nDensidad: 1,05 g\/cm3<\/p>\n","protected":false},"featured_media":634,"comment_status":"open","ping_status":"closed","template":"","meta":[],"product_brand":[],"product_cat":[22],"product_tag":[],"class_list":{"0":"post-271","1":"product","2":"type-product","3":"status-publish","4":"has-post-thumbnail","6":"product_cat-agricultura","7":"post","9":"first","10":"instock","11":"shipping-taxable","12":"product-type-simple"},"_links":{"self":[{"href":"https:\/\/agrosoilbolivia.com\/index.php?rest_route=\/wp\/v2\/product\/271","targetHints":{"allow":["GET"]}}],"collection":[{"href":"https:\/\/agrosoilbolivia.com\/index.php?rest_route=\/wp\/v2\/product"}],"about":[{"href":"https:\/\/agrosoilbolivia.com\/index.php?rest_route=\/wp\/v2\/types\/product"}],"replies":[{"embeddable":true,"href":"https:\/\/agrosoilbolivia.com\/index.php?rest_route=%2Fwp%2Fv2%2Fcomments&post=271"}],"wp:featuredmedia":[{"embeddable":true,"href":"https:\/\/agrosoilbolivia.com\/index.php?rest_route=\/wp\/v2\/media\/634"}],"wp:attachment":[{"href":"https:\/\/agrosoilbolivia.com\/index.php?rest_route=%2Fwp%2Fv2%2Fmedia&parent=271"}],"wp:term":[{"taxonomy":"product_brand","embeddable":true,"href":"https:\/\/agrosoilbolivia.com\/index.php?rest_route=%2Fwp%2Fv2%2Fproduct_brand&post=271"},{"taxonomy":"product_cat","embeddable":true,"href":"https:\/\/agrosoilbolivia.com\/index.php?rest_route=%2Fwp%2Fv2%2Fproduct_cat&post=271"},{"taxonomy":"product_tag","embeddable":true,"href":"https:\/\/agrosoilbolivia.com\/index.php?rest_route=%2Fwp%2Fv2%2Fproduct_tag&post=271"}],"curies":[{"name":"wp","href":"https:\/\/api.w.org\/{rel}","templated":true}]}}