{"id":286,"date":"2018-04-09T23:57:01","date_gmt":"2018-04-09T23:57:01","guid":{"rendered":"http:\/\/www.agrosoilbolivia.com\/?post_type=product&#038;p=286"},"modified":"2023-08-10T20:48:42","modified_gmt":"2023-08-10T20:48:42","slug":"nutrijisa-calcio-boro","status":"publish","type":"product","link":"https:\/\/agrosoilbolivia.com\/?product=nutrijisa-calcio-boro","title":{"rendered":"Nutrijisa Calcio Boro"},"content":{"rendered":"<h3 style=\"text-align: justify;\"><strong>CARACTER\u00cdSTICAS<\/strong><\/h3>\n<p style=\"text-align: justify;\"><span style=\"color: #ff6600;\"><strong>NUTRIJISA Calcio-Boro<\/strong><\/span> es un formulado en el que se combinan el calcio complejado y el boro etanolamina para mejorar la absorci\u00f3n por la planta de ambos nutrientes. La aplicaci\u00f3n combinada de calcio y boro se complementa y favorece la asimilaci\u00f3n de cada uno de ellos.<\/p>\n<p style=\"text-align: justify;\">Se utiliza para prevenir y corregir las carencias ocasionadas por los desequilibrios de asimilaci\u00f3n. Dichas carencias provocan malformaci\u00f3n y ca\u00edda de frutos j\u00f3venes, necrosis en borde de las hojas (lechuga), acorchado (bitter pit) en manzano, podredumbres apicales en hort\u00edcolas y rajado de frutos en general. Su aplicaci\u00f3n fortalece las paredes celulares del tejido vegetal, aumentando la resistencia en las plantas a enfermedades y situaciones de estr\u00e9s.<\/p>\n<h3 style=\"text-align: justify;\"><strong>MODO DE EMPLEO<\/strong><\/h3>\n<p style=\"text-align: justify;\"><span style=\"color: #ff6600;\"><strong>NUTRIJISA Calcio-Boro<\/strong><\/span> puede ser aplicado en todo tipo de cultivos tanto en pulverizaci\u00f3n foliar como v\u00eda suelo con el agua de riego.<\/p>\n<h3 style=\"text-align: justify;\">DOSIS<\/h3>\n<p style=\"text-align: justify;\">&#8211; Pulverizaci\u00f3n foliar: 200-300 cc\/hl. Repetir la aplicaci\u00f3n si es necesario. &#8211; Fertirrigaci\u00f3n: aportar al agua de riego entre 5 y 7 l\/ha en cada aplicaci\u00f3n.<\/p>\n<p style=\"text-align: justify;\">Las repeticiones de las aplicaciones se realizaran en funci\u00f3n del estado carencial y de las necesidades del cultivo.<\/p>\n<h3 style=\"text-align: justify;\">PRESENTACI\u00d3N<\/h3>\n<p style=\"text-align: justify;\">1; 5 y 20 L.<\/p>\n","protected":false},"excerpt":{"rendered":"<h3 style=\"text-align: justify;\"><strong>CARACTER\u00cdSTICAS<\/strong><\/h3>\n<p style=\"text-align: justify;\"><span style=\"color: #ff6600;\"><strong>NUTRIJISA Calcio-Boro<\/strong><\/span> es un formulado en el que se combinan el calcio complejado y el boro etanolamina para mejorar la absorci\u00f3n por la planta de ambos nutrientes. La aplicaci\u00f3n combinada de calcio y boro se complementa y favorece la asimilaci\u00f3n de cada uno de ellos.<\/p>\n<p style=\"text-align: justify;\">Se utiliza para prevenir y corregir las carencias ocasionadas por los desequilibrios de asimilaci\u00f3n. Dichas carencias provocan malformaci\u00f3n y ca\u00edda de frutos j\u00f3venes, necrosis en borde de las hojas (lechuga), acorchado (bitter pit) en manzano, podredumbres apicales en hort\u00edcolas y rajado de frutos en general. Su aplicaci\u00f3n fortalece las paredes celulares del tejido vegetal, aumentando la resistencia en las plantas a enfermedades y situaciones de estr\u00e9s.<\/p>\n<p>&nbsp;<\/p>\n","protected":false},"featured_media":647,"comment_status":"open","ping_status":"closed","template":"","meta":[],"product_brand":[],"product_cat":[22],"product_tag":[],"class_list":{"0":"post-286","1":"product","2":"type-product","3":"status-publish","4":"has-post-thumbnail","6":"product_cat-agricultura","7":"post","9":"first","10":"instock","11":"shipping-taxable","12":"product-type-simple"},"_links":{"self":[{"href":"https:\/\/agrosoilbolivia.com\/index.php?rest_route=\/wp\/v2\/product\/286","targetHints":{"allow":["GET"]}}],"collection":[{"href":"https:\/\/agrosoilbolivia.com\/index.php?rest_route=\/wp\/v2\/product"}],"about":[{"href":"https:\/\/agrosoilbolivia.com\/index.php?rest_route=\/wp\/v2\/types\/product"}],"replies":[{"embeddable":true,"href":"https:\/\/agrosoilbolivia.com\/index.php?rest_route=%2Fwp%2Fv2%2Fcomments&post=286"}],"wp:featuredmedia":[{"embeddable":true,"href":"https:\/\/agrosoilbolivia.com\/index.php?rest_route=\/wp\/v2\/media\/647"}],"wp:attachment":[{"href":"https:\/\/agrosoilbolivia.com\/index.php?rest_route=%2Fwp%2Fv2%2Fmedia&parent=286"}],"wp:term":[{"taxonomy":"product_brand","embeddable":true,"href":"https:\/\/agrosoilbolivia.com\/index.php?rest_route=%2Fwp%2Fv2%2Fproduct_brand&post=286"},{"taxonomy":"product_cat","embeddable":true,"href":"https:\/\/agrosoilbolivia.com\/index.php?rest_route=%2Fwp%2Fv2%2Fproduct_cat&post=286"},{"taxonomy":"product_tag","embeddable":true,"href":"https:\/\/agrosoilbolivia.com\/index.php?rest_route=%2Fwp%2Fv2%2Fproduct_tag&post=286"}],"curies":[{"name":"wp","href":"https:\/\/api.w.org\/{rel}","templated":true}]}}