{"id":725,"date":"2024-10-29T21:07:02","date_gmt":"2024-10-29T21:07:02","guid":{"rendered":"https:\/\/agrosoilbolivia.com\/?post_type=product&#038;p=725"},"modified":"2024-10-29T21:10:51","modified_gmt":"2024-10-29T21:10:51","slug":"bulhnova","status":"publish","type":"product","link":"https:\/\/agrosoilbolivia.com\/?product=bulhnova","title":{"rendered":"Bulhnova"},"content":{"rendered":"<p><img loading=\"lazy\" decoding=\"async\" class=\"alignnone size-medium wp-image-717\" src=\"https:\/\/agrosoilbolivia.com\/wp-content\/uploads\/2024\/10\/DSC0890-1.jpg\" alt=\"\" width=\"1\" height=\"1\" \/><span class=\"OYPEnA font-feature-liga-off font-feature-clig-off font-feature-calt-off text-decoration-none text-strikethrough-none\">Es una asociaci\u00f3n de microorganismos viables orientado a suministrar nutrientes a las plantas utilizando mecanismos biol\u00f3gicos vivos: Azospirillum brasilense y Pantoea dispersa; contiene:<\/span><\/p>\n<ul>\n<li><span class=\"OYPEnA font-feature-liga-off font-feature-clig-off font-feature-calt-off text-decoration-none text-strikethrough-none\">Alta capacidad de fijaci\u00f3n de nitr\u00f3geno atmosf\u00e9rico, poni\u00e9ndolo a disposici\u00f3n de la planta.<\/span><\/li>\n<li><span class=\"OYPEnA font-feature-liga-off font-feature-clig-off font-feature-calt-off text-decoration-none text-strikethrough-none\">Acci\u00f3n de desbloquear el f\u00f3sforo existente en el suelo.<\/span><\/li>\n<li><span class=\"OYPEnA font-feature-liga-off font-feature-clig-off font-feature-calt-off text-decoration-none text-strikethrough-none\">Poder de solubilizar otro macro (K) y micronutrientes (Fe, Ca, Mg) presentes en el suelo.<\/span><\/li>\n<\/ul>\n","protected":false},"excerpt":{"rendered":"<p>Es una asociaci\u00f3n de microorganismos viables orientado a suministrar nutrientes a las plantas utilizando mecanismos biol\u00f3gicos vivos: Azospirillum brasilense y Pantoea dispersa; contiene: Alta capacidad de fijaci\u00f3n de nitr\u00f3geno atmosf\u00e9rico, poni\u00e9ndolo a disposici\u00f3n de la planta. Acci\u00f3n de desbloquear el f\u00f3sforo existente en el suelo. Poder de solubilizar otro macro (K) y micronutrientes (Fe, Ca, [&hellip;]<\/p>\n","protected":false},"featured_media":717,"comment_status":"closed","ping_status":"closed","template":"","meta":[],"product_brand":[],"product_cat":[22],"product_tag":[],"class_list":{"0":"post-725","1":"product","2":"type-product","3":"status-publish","4":"has-post-thumbnail","6":"product_cat-agricultura","7":"post","9":"first","10":"instock","11":"shipping-taxable","12":"product-type-simple"},"_links":{"self":[{"href":"https:\/\/agrosoilbolivia.com\/index.php?rest_route=\/wp\/v2\/product\/725","targetHints":{"allow":["GET"]}}],"collection":[{"href":"https:\/\/agrosoilbolivia.com\/index.php?rest_route=\/wp\/v2\/product"}],"about":[{"href":"https:\/\/agrosoilbolivia.com\/index.php?rest_route=\/wp\/v2\/types\/product"}],"replies":[{"embeddable":true,"href":"https:\/\/agrosoilbolivia.com\/index.php?rest_route=%2Fwp%2Fv2%2Fcomments&post=725"}],"wp:featuredmedia":[{"embeddable":true,"href":"https:\/\/agrosoilbolivia.com\/index.php?rest_route=\/wp\/v2\/media\/717"}],"wp:attachment":[{"href":"https:\/\/agrosoilbolivia.com\/index.php?rest_route=%2Fwp%2Fv2%2Fmedia&parent=725"}],"wp:term":[{"taxonomy":"product_brand","embeddable":true,"href":"https:\/\/agrosoilbolivia.com\/index.php?rest_route=%2Fwp%2Fv2%2Fproduct_brand&post=725"},{"taxonomy":"product_cat","embeddable":true,"href":"https:\/\/agrosoilbolivia.com\/index.php?rest_route=%2Fwp%2Fv2%2Fproduct_cat&post=725"},{"taxonomy":"product_tag","embeddable":true,"href":"https:\/\/agrosoilbolivia.com\/index.php?rest_route=%2Fwp%2Fv2%2Fproduct_tag&post=725"}],"curies":[{"name":"wp","href":"https:\/\/api.w.org\/{rel}","templated":true}]}}