{"id":733,"date":"2024-10-29T21:45:02","date_gmt":"2024-10-29T21:45:02","guid":{"rendered":"https:\/\/agrosoilbolivia.com\/?post_type=product&#038;p=733"},"modified":"2024-10-30T13:38:13","modified_gmt":"2024-10-30T13:38:13","slug":"a-micsur","status":"publish","type":"product","link":"https:\/\/agrosoilbolivia.com\/?product=a-micsur","title":{"rendered":"A-Micsur"},"content":{"rendered":"<p><span class=\"OYPEnA font-feature-liga-off font-feature-clig-off font-feature-calt-off text-decoration-none text-strikethrough-none\">Es un fertilizante completo de r\u00e1pida absorci\u00f3n y asimilaci\u00f3n por v\u00eda foliar a base de 17 amino\u00e1cidos y elementos nutritivos minerales. Tambi\u00e9n es absorbido por v\u00eda radicular.<\/span><\/p>\n<ul>\n<li><span class=\"OYPEnA font-feature-liga-off font-feature-clig-off font-feature-calt-off text-decoration-none text-strikethrough-none\">Producto a base de 17 amino\u00e1cidos, p\u00e9ptidos y polip\u00e9ptidos procedentes de prote\u00ednas hidrolizadas de origen animal.<\/span><\/li>\n<li><span class=\"OYPEnA font-feature-liga-off font-feature-clig-off font-feature-calt-off text-decoration-none text-strikethrough-none\">Potencia el desarrollo de hojas, tallos y brotes.<\/span><\/li>\n<li><span class=\"OYPEnA font-feature-liga-off font-feature-clig-off font-feature-calt-off text-decoration-none text-strikethrough-none\">Favorece la asimilaci\u00f3n de nutrientes poni\u00e9ndolos a disposici\u00f3n de la planta gracias a su acci\u00f3n quelante.<\/span><\/li>\n<\/ul>\n","protected":false},"excerpt":{"rendered":"<p>Es un fertilizante completo de r\u00e1pida absorci\u00f3n y asimilaci\u00f3n por v\u00eda foliar a base de 17 amino\u00e1cidos y elementos nutritivos minerales. Tambi\u00e9n es absorbido por v\u00eda radicular. Producto a base de 17 amino\u00e1cidos, p\u00e9ptidos y polip\u00e9ptidos procedentes de prote\u00ednas hidrolizadas de origen animal. Potencia el desarrollo de hojas, tallos y brotes. Favorece la asimilaci\u00f3n de [&hellip;]<\/p>\n","protected":false},"featured_media":720,"comment_status":"closed","ping_status":"closed","template":"","meta":[],"product_brand":[],"product_cat":[22],"product_tag":[],"class_list":{"0":"post-733","1":"product","2":"type-product","3":"status-publish","4":"has-post-thumbnail","6":"product_cat-agricultura","7":"post","9":"first","10":"instock","11":"shipping-taxable","12":"product-type-simple"},"_links":{"self":[{"href":"https:\/\/agrosoilbolivia.com\/index.php?rest_route=\/wp\/v2\/product\/733","targetHints":{"allow":["GET"]}}],"collection":[{"href":"https:\/\/agrosoilbolivia.com\/index.php?rest_route=\/wp\/v2\/product"}],"about":[{"href":"https:\/\/agrosoilbolivia.com\/index.php?rest_route=\/wp\/v2\/types\/product"}],"replies":[{"embeddable":true,"href":"https:\/\/agrosoilbolivia.com\/index.php?rest_route=%2Fwp%2Fv2%2Fcomments&post=733"}],"wp:featuredmedia":[{"embeddable":true,"href":"https:\/\/agrosoilbolivia.com\/index.php?rest_route=\/wp\/v2\/media\/720"}],"wp:attachment":[{"href":"https:\/\/agrosoilbolivia.com\/index.php?rest_route=%2Fwp%2Fv2%2Fmedia&parent=733"}],"wp:term":[{"taxonomy":"product_brand","embeddable":true,"href":"https:\/\/agrosoilbolivia.com\/index.php?rest_route=%2Fwp%2Fv2%2Fproduct_brand&post=733"},{"taxonomy":"product_cat","embeddable":true,"href":"https:\/\/agrosoilbolivia.com\/index.php?rest_route=%2Fwp%2Fv2%2Fproduct_cat&post=733"},{"taxonomy":"product_tag","embeddable":true,"href":"https:\/\/agrosoilbolivia.com\/index.php?rest_route=%2Fwp%2Fv2%2Fproduct_tag&post=733"}],"curies":[{"name":"wp","href":"https:\/\/api.w.org\/{rel}","templated":true}]}}